 d(w) = w - 9 - 7 + 11. Let b(g) = -4. Let h(r) = -4*b(r) + 3*d(r). Determine h(f).
-11
Let r be ((-10)/(-4))/((-2)/(-4) - 0). Suppose -2*a + 148 + 0 = 0. Let x(j) = -2 - a*j + 3 + 72*j. Determine x(r).
-9
Suppose -12*h = 9*h. Suppose h - 9 = -3*j. Let x(z) = -z**2 - 2*z - 1. Calculate x(j).
-16
Let s(p) = 258*p - 19 + 261*p - 520*p. Calculate s(-13).
-6
Let z be ((-2)/(-7))/((-45)/(-21) + -2). Let x(q) = 10*q - 3. Calculate x(z).
17
Let v(m) = m**2 + m - 2. Let z = -525 + 525. Calculate v(z).
-2
Let n(y) = -3*y + 6. Suppose 108 = 4*s - 4*j, -4*s + 2*j + 93 = 3*j. Suppose 0 = 3*q + q - s. Determine n(q).
-12
Let j(r) be the second derivative of r**5/60 + 5*r**4/24 - r**3 + 10*r**2 + 24*r. Let u(k) be the first derivative of j(k). Give u(-6).
0
Let g(w) be the second derivative of -w**6/90 + w**4/24 + 7*w**3/6 - 16*w. Let k(y) be the second derivative of g(y). Determine k(1).
-3
Let y(r) = -r - 4. Let q = -19 + 10. Let p = 6 + q. What is y(p)?
-1
Suppose u + 5*s = -0*u + 19, 3*s + 9 = -4*u. Let v(n) = n + 8. Give v(u).
2
Suppose -14 = 2*f - 3*t - 4, -f + 3*t - 8 = 0. Let h(z) = -28*z + 1. Give h(f).
57
Let a(k) = k**2 - 5*k + 4. Let o(v) = 3*v**2 - 11*v - 7. Let q be o(5). Suppose -3*d - 2*g = -q, -2*d + g = -4*d + 9. Suppose d*w - 27 = 3. Calculate a(w).
10
Let r(w) = 9*w**2 + 26*w + 22. Let k(b) = 5*b**2 + 13*b + 11. Let y(t) = 5*k(t) - 3*r(t). Let q be y(-6). Let m(p) = -p + 3. What is m(q)?
8
Let o be 1*2 + (-8 - (-7 - 4)). Let m(z) = -z**2 + 5*z + 6. Determine m(o).
6
Let c(n) = n**2 + 30*n - 6 + 23 + 27*n - 47*n. Let x(z) = -z**2 - 10*z - 18. Let a(t) = -7*c(t) - 6*x(t). What is a(-9)?
-2
Let f = 4 + -2. Let m(k) = k**3 + 9*k - 5*k**2 + k**2 - 3*k**f - 2*k - 7. Let g(q) = q**3 - 6*q**2 - 16*q + 6. Let z be g(8). Give m(z).
-1
Suppose -r + 2*l = -7, 2*r + 0*r + 2*l - 44 = 0. Let j(y) = 3 - 2*y + y - r + 12. Give j(4).
-6
Let m(i) = i**2 + 10*i + 4. Let g be m(-10). Let j be 34/255 - g/30. Suppose 5*v + 6 + 6 = 2*x, -5*v - 10 = j. Let r(c) = -c - 1. What is r(x)?
-2
Let a(z) = -z**3 + 6*z**2 + 5*z + 17. Let n = 80 + -73. What is a(n)?
3
Let f(k) = -6*k**3 - 2*k**2 + k - 8. Let o(x) be the first derivative of -7*x**4/4 - x**3 + x**2/2 - 9*x - 5. Let t(d) = -6*f(d) + 5*o(d). Determine t(4).
15
Suppose 7*n + 78 = -6*n. Let i(p) be the second derivative of -p**5/20 - p**4/2 + 3*p**2/2 - 3*p. What is i(n)?
3
Let j(y) = -3*y - 227 + 4*y + 230. Determine j(6).
9
Let v(i) = -3 - 1 + 1 - 41*i + 20*i + 19*i. Calculate v(-7).
11
Suppose 8*k = -a + 3*k - 12, 0 = -4*a - 4*k - 32. Let t(w) = -w - 14. What is t(a)?
-7
Let s(a) = -a**2 + a. Suppose 5*i - 19 = 1. Let o(f) = 3 - i + 2 + 0 - 5*f. Let p(w) = o(w) - s(w). What is p(6)?
1
Suppose 24*b + 12 = 36. Let y(n) = -20*n + 1. Calculate y(b).
-19
Let d(p) = p + 17. Let s be (-2)/(-10 + (-1332)/(-132)). Determine d(s).
-5
Let x(w) = -8*w**2 + 18*w**2 - 14*w**2 + 5 - 3 - 3*w. What is x(1)?
-5
Let z be 8*4/(-8) - 0. Let u(q) be the first derivative of -q**4/24 - 2*q**3/3 - 3*q**2 - 2. Let x(i) be the second derivative of u(i). Give x(z).
0
Let o(r) = -16*r - 8. Let t(n) = -n - 1. Let x(l) = -o(l) + 12*t(l). Calculate x(2).
4
Suppose -2*y = 2*y. Suppose 5*w = 30 - y. Let z(i) = w*i - 48*i**2 + 0*i**3 + 9 - i**3 + 43*i**2. Determine z(-6).
9
Suppose 2*x = 3*x - 2*r + 16, 5*x = 5*r - 60. Let d(k) = k + 2. Calculate d(x).
-6
Let r(i) = -i - 20. Let u be (-416)/32 + (-2 - -1)*1. Calculate r(u).
-6
Let f = -103 + 102. Let p be 2/9 - 7/(-9). Let l(g) = 0 - 12*g + p + 0. Determine l(f).
13
Suppose 0 = -3*t - 10*t + 13. Suppose 128*f - 129*f = -t. Let i(r) = -14*r**3 + 2*r**2 - 1. Determine i(f).
-13
Let a(t) = t + 2. Let n(g) = -3*g + 79. Let d be n(24). What is a(d)?
9
Let i = -174 + 178. Let p(y) be the first derivative of 0*y**2 - y + 5/3*y**3 + 4 - 1/4*y**i. Determine p(5).
-1
Let l = 35 - 33. Suppose -q = -2, -3*x - q = l*x + 23. Let f(z) = -z**3 - 7*z**2 - 5*z + 3. Calculate f(x).
-22
Let d(j) = 3*j**2 + 10*j + 5. Let x be d(-4). Let b(m) = 33 + m**2 - x - 8*m - 16. What is b(5)?
-11
Suppose 2*j - 2 = c, j - 9 + 14 = 2*c. Let i(o) be the second derivative of -1/3*o**j + 0 - o**2 - 1/20*o**5 + 1/4*o**4 + 6*o. Calculate i(2).
-2
Let g(c) = c - 1. Let d(r) = -8*r - 3. Let v(f) = -d(f) + 3*g(f). Let a be v(1). Let b(l) = -4 + 3 + l**3 + 6*l - a*l - 3*l**2. Determine b(4).
-5
Suppose h + 0 = 1. Let w = 7 - h. Let x(i) = -6*i + 4*i - 1 + i + 0. Give x(w).
-7
Let j(k) be the third derivative of k**6/120 - k**5/10 + 5*k**4/24 - 2*k**3/3 - 616*k**2. Give j(6).
26
Suppose 1152*b + 32 = 1144*b. Let m(h) be the third derivative of h**6/120 + h**5/12 + h**4/6 - h**3/2 - h**2. Give m(b).
-3
Let b = 143 - 141. Suppose 0 = 7*u - b*u + 10. Let v(i) = i + 0 + i + 1. Determine v(u).
-3
Let j(q) = -7*q. Suppose -1 = o - 5*o + 3*a, 5 = 5*a. Calculate j(o).
-7
Let f(u) be the third derivative of -14*u**2 + 1/6*u**3 + 0 + 0*u + 1/30*u**5 - 1/120*u**6 + 1/12*u**4. What is f(-1)?
2
Suppose -2*g + 0*g - 5 = 3*d, -4*d = g + 5. Let q(b) = 32*b - 11. Let f(l) = -15*l + 5. Let k(z) = -9*f(z) - 4*q(z). What is k(d)?
-8
Let c(b) = 7*b - 1. Suppose 4*d - 2*t + 4 = d, 0 = -4*t + 20. Suppose 0 = -d*v + 2 + 2. Suppose o + 10 = -2*k, 24 = -2*o - 3*k - v*k. Give c(o).
-15
Let b(s) = 15*s + 7*s - 27*s - 5 + 8*s. Suppose -3*v + 3*z - 2*z = 16, 3*z = -v + 8. What is b(v)?
-17
Let q(a) = -8*a + 45. Let n(x) = 3*x - 21. Let i(k) = 5*n(k) + 2*q(k). What is i(-7)?
-8
Suppose -4*y = -g + 19, -2*y - 2*y - 30 = -2*g. Let l(m) = 11*m + 28. Let n(v) = -4*v - 10. Let s(i) = 5*l(i) + 14*n(i). Determine s(g).
-11
Let m(g) = 5*g**3 + g**2 + g - 1. Let h be 0*3/(-9)*1. Suppose -10*c + 9*c - x = -5, 5*c + 4*x - 21 = h. Give m(c).
6
Let t(i) = i - 1 - 3 + 2. Let f(g) = 42*g**2 - 91*g**2 - 1 + 50*g**2 + 5*g. Let z be f(-4). What is t(z)?
-7
Let b(h) = -4*h + 1. Let g be b(-1). Let a(w) = g*w - 1 - 5*w + 2*w + 2*w. Calculate a(-2).
-9
Suppose -w = 2*w + 27. Let s = -10 - w. Let a(q) be the third derivative of q**5/12 - q**3/6 + 8*q**2. What is a(s)?
4
Let y(g) = 6*g - 3. Let s = -6 + 8. Determine y(s).
9
Let y(j) = j**2 - 7*j + 14. Let r be (-186)/434 - 38/(-7). What is y(r)?
4
Let t be 44/(-14) + (-9)/(-63). Let p(j) = j**2 - 2*j + 2. Calculate p(t).
17
Let h(u) = 17*u. Let f = -76 + 4. Let o be 9/f + 158/(-16). Let w = 9 + o. What is h(w)?
-17
Let l(i) = -i**3 + 9*i**2 - 11*i + 5. Let q be -3*(-3)/(-9) + (-18)/(-2). Determine l(q).
-19
Let f(l) = -15*l - 65. Let c(o) = -182*o - 784. Let j(q) = -4*c(q) + 49*f(q). Calculate j(-6).
-7
Let x(w) = -w**2 + 3*w + 1. Let v = -10 + 3. Let m be 21/3*(-2)/v. Determine x(m).
3
Let n(k) = k**3 + k**2 - 3*k + 4. Suppose 18 = 4*b - 2. Suppose -x + b = 8. What is n(x)?
-5
Let t(j) be the second derivative of -1/3*j**3 + 16*j + 1/2*j**2 + 25/12*j**4 + 0. What is t(1)?
24
Suppose -3*n - 27 = -2*v, -5*v + 22 = -32*n + 31*n. Let u(i) = -i**3 - 8*i**2 - 8*i - 9. What is u(n)?
-2
Let d be 13/13 + (0 - 3). Let a(r) = -6*r**2 - 1. What is a(d)?
-25
Let d(x) = -x**3 - x - 3. Let o(q) = q**2 + 1. Let b(k) = -d(k) + o(k). Let t be (81/(-12))/9*-4. Suppose 6*i - t*i = i. Calculate b(i).
4
Let s(w) be the third derivative of -w**5/12 + w**3/6 - w**2 + 56. Let p be 0 - (-3 - (-3)/(-3)). Suppose 2*o = -2*o - p. What is s(o)?
-4
Let o(r) = 23*r - 44*r - 14 + 20*r - r**2 + 14. What is o(4)?
-20
Let p(i) = 3*i + 85. Let x(z) = z + 26. Let q(f) = -2*p(f) + 7*x(f). Calculate q(-9).
3
Let r(c) = -c**3 - 14*c**2 + 16*c + 17. Let p be r(-15). Suppose -p*o - o = 48. Let s = o + 14. Let h(j) = j**2 + j. Determine h(s).
2
Let w(q) be the first derivative of -q**3/3 + 11*q**2/2 - 5*q + 112. Give w(4).
23
Suppose -41 + 11 = -15*k. Let r(d) = -d**3 + 2*d**2 - 2*d + 1. Calculate r(k).
-3
Let o(y) = -13*y**2 + y. Let h(u) = u**3 + 5*u**2 - 7*u. Let w = 8 + -14. Let a be h(w). Let x be a/(-4)*14/(-21). Give o(x).
-12
Let y(g) = 0 + 19*g**2 - 2*g - 40*g**2 + 1 + 25*g**2. Calculate y(2).
13
Let l(s) = 16*s. Suppose 8*i - 3*i - 2 = -2*u, -4*u + 4 = i. Determine l(u).
16
Let d(b) be the first derivative of -b**4/2 + 4*b**3/3 - b**2 - 2*b + 7. Let n = -10 - -30. Suppose 5*x = -n, 2*h - x = 4 + 4. Calculate d(h).
-6
Suppose 0 = 367*f - 369*f - 8. Let u(k) = k**3 + 5*k**2 + 3*k - 4. Give u(f).
0
Suppose -4 = -2*d - b, -7*d + 3*b + 21 = -2*d. Let j = -23 - -27. Supp